en 163 is divided by s?
31
What is the remainder when 190 is divided by 48/7*(-6)/(-12)*14?
46
Let m be (-2 + (-15)/(-12))*-60. What is the remainder when 41 is divided by 513/m - (-4)/(-10)?
8
Let y(f) = f**3 - 2*f**2. Let b be y(2). Suppose 41 = r - b*r. Calculate the remainder when r is divided by 14.
13
Suppose 4*s = -s + 75. Let r = -42 + 70. Calculate the remainder when r is divided by s.
13
Let b(f) = 44*f - 3. Let y be (-1 + 1)/(0 + -1). Suppose y = k + 2*k - 42. What is the remainder when b(1) is divided by k?
13
Suppose 0 = -4*w - 8, 0 = 3*u - 4*w - 3 - 11. Calculate the remainder when 5 is divided by u.
1
Suppose -2*i - 48 = -8*i. What is the remainder when 36 is divided by (-6)/i + 220/16?
10
Calculate the remainder when 97 is divided by 25/2*(96/(-15))/(-4).
17
Let n = 3 - 7. Let f = n - -5. Let x = f + 9. What is the remainder when 28 is divided by x?
8
Let z(r) = 20*r + 1. Let j(h) = 4*h**2 - 2*h - 1. Let b be j(-1). Let o be (-2 - 1) + 1 + b. What is the remainder when z(o) is divided by 21?
19
Calculate the remainder when -1 + ((-1)/1)/(1/(-87)) is divided by 18.
14
Let g(t) = -t**2 - 9*t - 8. Let h be g(-8). Suppose -l - 2*l + 129 = h. Suppose -3*p - 7 = -l. What is the remainder when 33 is divided by p?
9
Let s be (-118)/(-4*(-1)/(-2)). Suppose 0 = 3*d + 4*f - s - 1, -f = -3*d + 75. Calculate the remainder when d is divided by 14.
10
Let x = -206 - -330. What is the remainder when x is divided by 25?
24
Let l(a) = 2*a**2 + 2*a - 3. Suppose -4 = 2*p, 4*b + 21 - 143 = p. What is the remainder when l(3) is divided by 36/(-15)*b/(-9)?
5
Suppose -j + 0*j = 0. Suppose -2*v + 4*q + 0*q + 4 = j, -5*v - q - 12 = 0. What is the remainder when 22 is divided by 1/(-3*v/36)?
4
Suppose -5*j + 103 = -2*u, 4*u + 39 = j - u. Calculate the remainder when j is divided by 7.
5
Let d(z) = -z - 1. Let i(b) = -b - 15. Let y(a) = -6*d(a) + i(a). Calculate the remainder when 41 is divided by y(6).
20
Suppose -3*u - u = -4, 3 = -r + 2*u. Calculate the remainder when r + 1 + 2 + 31 is divided by 18.
15
Suppose -l + 8 = -4*s - 17, 4*l - 30 = 2*s. Suppose -2*r + r = g - 2, g - 6 = -5*r. Let y(d) = d + 2. What is the remainder when l is divided by y(g)?
2
Suppose -5*w - 15 = z, -3*w = 1 + 8. Suppose 2*v - 69 - 7 = z. What is the remainder when v is divided by 13?
12
Suppose -39 = -3*d + 4*l, -l + 26 = 2*d - 0*l. Calculate the remainder when 8 - (-145)/5*1 is divided by d.
11
Let i(y) = 2*y**2 - y - 1. Let p be i(-1). Suppose -m = 4*q + 105, -p*q - 3*q + 5*m = 100. What is the remainder when 28 is divided by (-8)/(-10)*q/(-2)?
8
Let z(r) = 27*r - 153. Let f = -20 - -33. What is the remainder when z(7) is divided by f?
10
Suppose 0*s + s - 3*n = 7, 0 = 2*s + n. Let r be s - 7/(1 + -2). Suppose 0*c - c = -r. What is the remainder when 22 is divided by c?
6
Let h = 94 + -60. Calculate the remainder when h is divided by 9.
7
Suppose 3*p + 12 = -0*p. Let q = 17 + p. What is the remainder when 38 is divided by q?
12
What is the remainder when (-4)/20*-5*8 is divided by 7?
1
Let h = 0 - 0. Suppose -4*p - 2 + 34 = h. Calculate the remainder when 22 is divided by p.
6
Let r(g) = 9*g - 3. Let m be r(-3). Let p = -18 - m. Let q = -6 - -13. What is the remainder when p is divided by q?
5
Let d(g) = -5*g + 3. Calculate the remainder when d(-4) is divided by 13.
10
Let m = 35 - -6. Calculate the remainder when 160 is divided by m.
37
Suppose 5*a + 0*a - 60 = 0. Suppose 2*d - 39 = -5*t, -d = -2*t + 2*d + 8. Calculate the remainder when a is divided by t.
5
Suppose 0 = 4*t - 5*z - 52, -2*t - 3*z + 26 = 2*z. What is the remainder when t is divided by 7?
6
Let f(t) = 2*t + 1. Let c be f(-3). Let z = c - -11. Let y = 17 - 13. Calculate the remainder when z is divided by y.
2
Let g = 93 - 55. Calculate the remainder when 113 is divided by g.
37
Suppose 0 = 4*m - 0*m - 28. Calculate the remainder when 19 is divided by m.
5
Let d(c) = -9*c**3 - 3*c**2 - 3*c - 4. Let n be d(-3). Suppose -n = -4*p + 59. Let f = p - 42. What is the remainder when f is divided by 10?
8
Calculate the remainder when 33 is divided by ((-81)/(-9))/((-2)/(-2)).
6
Let d(p) = -3*p**2 + 32*p - 3. What is the remainder when 33 is divided by d(10)?
16
Suppose 538 = 3*a + 94. Suppose 3*r - r = 4*q - a, q = r + 38. Let d(l) = 4*l**2 - 2*l - 1. Calculate the remainder when q is divided by d(-2).
17
Suppose -2*q + 3*x + 27 = 0, -3*q + 2*x + x = -45. What is the remainder when 47 is divided by q?
11
Suppose 0 = k - 3. Suppose 0*x = k*x. What is the remainder when 0 - (x + (-30)/3) is divided by 6?
4
Let o = 34 + -16. What is the remainder when 52 is divided by o?
16
Suppose -5*l - 25 = 0, 0*l = -5*i + 2*l + 35. Suppose 4*k - 6 + 37 = t, i*k = -2*t + 114. What is the remainder when t is divided by 12?
11
Let j(m) = m**3 - 3*m**2 + 4*m + 1. Let a(n) = -n**3 - 5*n**2 - 7*n - 5. Let b = 11 + -15. Calculate the remainder when j(3) is divided by a(b).
6
Suppose -3*i = r + 127, r - 652 = 6*r - 2*i. Let v = -69 - r. What is the remainder when v is divided by 16?
13
Let a = 262 - 154. Calculate the remainder when a is divided by 22.
20
Suppose 0 = -5*r + 5*n + 285, -254 = -4*r - 2*n - 38. Let f = 302 + -283. Calculate the remainder when r is divided by f.
17
Suppose 5*l - 40 = 50. Calculate the remainder when 1/2 + (-69)/(-2) is divided by l.
17
Let y be (-5 + 2 + -4)/(-1). Suppose i = -3, c + 5*i + y = -3*c. Suppose 0 = x - 3 - 2. Calculate the remainder when x is divided by c.
1
Let u(c) = -20*c - 1. Let l(t) = 3*t**2 - 5*t - 12. What is the remainder when l(-4) is divided by u(-1)?
18
Let u be 57*(-1)/3*1. Let m = u + 24. Calculate the remainder when m is divided by 3.
2
Suppose -2*y - 5*o = -221, -4*o - 377 = -4*y - o. Suppose 4*k - 2*s - 125 = -k, 50 = 2*k + 2*s. Calculate the remainder when y is divided by k.
23
Let o(m) be the first derivative of -13*m**2/2 - 3*m + 3. What is the remainder when o(-4) is divided by 17?
15
Let t(q) be the second derivative of 16*q**3 + q. Let d be t(-4). Calculate the remainder when 2/(-5) - d/10 is divided by 13.
12
Let s(f) = f**3 + f**2 - 2*f - 6. What is the remainder when s(3) is divided by 12?
0
Suppose -6*y + y + 10 = 4*l, -3*y = 6. Let j = l - 2. Calculate the remainder when 5 is divided by j.
2
Suppose 5*u = -107 + 302. Calculate the remainder when u is divided by 20.
19
Let q = -33 + 47. What is the remainder when 69 is divided by q?
13
Let a = -3 + 6. Suppose 32 = a*q - 13. What is the remainder when q is divided by 4?
3
Let m(c) = -2*c**2 - 4*c - 2. Let r be m(-2). What is the remainder when 33 is divided by (r/5)/((-1)/30)?
9
Let k be 2 - (-1 - -2)*1. Let v(r) = 6*r + 4 - 2*r + r**2 - k. Calculate the remainder when 7 is divided by v(-4).
1
Suppose -3*c - 75 = -4*d, 13 = 4*d - 3*d + 5*c. Calculate the remainder when 33 is divided by d.
15
Suppose 10 = -3*r + 25. Let f = -3 + 16. Calculate the remainder when f is divided by r.
3
Suppose 2*x + 752 = 4*o + o, 2*o = x + 300. Suppose 2*j - 5*a = 77, -j - a + o = 4*j. What is the remainder when j is divided by 11?
9
Suppose j + 116 = -4*h + 43, 5*h - 4*j = -86. Let a = h - -21. What is the remainder when 6 is divided by a?
0
Let j(f) = -f**2 - 8*f + 3. Let i be j(-6). Suppose -2*l = y - 86 + i, -4*y + 20 = 0. What is the remainder when l is divided by 17?
16
Suppose 0 = 3*z + 2*z - 160. Let f = z + -20. Calculate the remainder when 22 is divided by f.
10
Suppose -2*t + 32 = 2*t. Calculate the remainder when -2 + 60/28 + 320/14 is divided by t.
7
Let d(m) = m**2 - m + 5. Let p be d(5). Suppose -h + 2*h = p. Calculate the remainder when h is divided by 9.
7
Suppose 2*u = -2*u + 48. Let l(k) = k**3 + 7*k**2 + k - 7. Let o(x) = -x**2 + 3*x - 2. Let b be o(4). What is the remainder when l(b) is divided by u?
11
Suppose 2*o + 2*o = 52. What is the remainder when 25 is divided by o?
12
Suppose 0 = 16*n - 231 - 521. Calculate the remainder when n is divided by 25.
22
Suppose -w = -2*d - 0*w + 4, 0 = -5*d - 4*w + 23. Let f(y) = -y**2 + y + 4. What is the remainder when 0 + 2 - (-5 - d) is divided by f(0)?
2
Suppose -3*g = 2*g - 3*t - 27, -9 = -g - 3*t. Let j = 65 + g. Calculate the remainder when j is divided by 18.
17
Let d be -8 + (0 - 9/(-3)). Let o = 10 + d. What is the remainder when 9 is divided by o?
4
Let g(d) = 7*d**2 - 